18). What is the greatest common divisor of l and 7?
1
Let f be (42/(-4))/((-2)/4). Let v be 3/4 + 18/8. What is the greatest common divisor of v and f?
3
Let n = -51 + 99. Let z = 33 + -9. What is the highest common divisor of n and z?
24
Suppose 0 = -d + 5*d + 4. Let i(r) = -28*r**3 - 2*r**2 + 1. Let g be i(d). What is the highest common factor of 243 and g?
27
Let o(d) = 25*d**2 + 4*d + 3. Let u be o(-3). What is the greatest common factor of 24 and u?
24
Suppose 0*l = -5*l + 640. Let r be ((-6)/9)/(4/(-18)). Let u(x) = 2*x**3 - 5*x**2 + 2*x + 1. Let s be u(r). Calculate the highest common divisor of s and l.
16
Let g be 2*3*27/6. Suppose -5*t + g = -8. What is the highest common divisor of 56 and t?
7
Suppose 0*c - 405 = -5*c. Suppose 5*p - c - 10 = -4*q, -3*p - 51 = -2*q. Suppose 0*x + 16 = 2*x. Calculate the greatest common factor of x and q.
8
Let s = 53 + 24. Calculate the greatest common factor of 11 and s.
11
Suppose 12 = 3*i + 5*l, 0 = 5*i - 4*l - 14 - 6. Let r be (3 + -2)/(i/20). Let u be (-397)/(-4) + r/(-20). Calculate the greatest common divisor of 9 and u.
9
Suppose -3*y + 4*p - 13136 = y, 2*p = -10. Let t be y/(-55) + 2/10. What is the greatest common factor of t and 20?
20
Let u = -12 + 13. Calculate the highest common divisor of u and 1.
1
Let f be -1 - 0 - (-4 + 1). Suppose 0 = -f*c + 7 + 5. Calculate the greatest common divisor of c and 3.
3
Suppose 3*l = -3, -f + 2*f - 17 = -l. Calculate the greatest common divisor of 162 and f.
18
Suppose 2*j = -2*b + 3*b + 53, -4*b - 20 = 0. What is the highest common divisor of j and 3?
3
Let p = 8 + -10. Let s be p*1/1*-8. What is the highest common factor of s and 8?
8
Suppose 0 = -5*d + 11 + 4. Let j be (-87)/(-27) + (-2)/9. Calculate the greatest common divisor of d and j.
3
Suppose -4*b + u + 1373 = 0, -5*b + 3*u = u - 1720. Calculate the highest common factor of 38 and b.
38
Let d = -65 - -103. What is the highest common divisor of 38 and d?
38
Suppose -2*d = -3*l + 66, -5*d - 44 = -3*l + l. Let k(y) = -y**2 + 15*y - 6. Let n be k(5). What is the highest common factor of n and l?
22
Suppose 433 = 5*i - f - 8, 0 = -3*i + f + 265. Suppose 16 = -2*v + i. Calculate the highest common divisor of 24 and v.
12
Let u(b) = b**2 - 4*b. Let c be u(5). What is the greatest common factor of 55 and c?
5
Let d = 364 - 95. Suppose 0*p = -2*r - 3*p + 191, 0 = -3*r - p + d. Calculate the highest common factor of 11 and r.
11
Let n(m) = 14*m**2 - 2*m - 19. Let a be n(6). What is the highest common factor of 43 and a?
43
Let s = -64 + 112. Let p be (-26)/(-6) - (-4)/6. Suppose 3*m - p*m = -16. What is the highest common factor of s and m?
8
Let m = 81 + -69. Calculate the highest common divisor of 96 and m.
12
Suppose u - 4*o = 17, 4*u - 20 = -4*o + 28. Suppose -h - v = 2*v - 95, -v = -3*h + 315. Calculate the greatest common divisor of u and h.
13
Suppose 4*m = 3*m + 69. What is the highest common factor of 23 and m?
23
Let s be ((-12)/18)/(2/(-9)). Let q be 58/6 - (-1)/3. Suppose -2*t = s*t - q. Calculate the highest common divisor of 1 and t.
1
Suppose 76 = -2*a + 6*a. Suppose 2*d - 30 = -4*s, -d - 7*s + 4*s = -a. Let v be (-2)/d - 772/(-7). Calculate the highest common factor of v and 10.
10
Let l(i) = 0*i + 4 - 4*i + 3*i - i**2. Suppose 0*y + 2*y = 0. Let p be l(y). Calculate the highest common divisor of 8 and p.
4
Let g be 1/(1 - (-30)/(-27)). Let p be 6/9 + (-39)/g. Suppose -p*b + 3*q + 106 = 0, 5*q + 90 = 8*b - 4*b. What is the highest common factor of 50 and b?
10
Let p(t) be the third derivative of 7*t**4/8 + 3*t**2. Let r be p(6). Calculate the highest common divisor of r and 18.
18
Suppose 0 = 4*b - 8*b + 224. Let h = 18 + -11. What is the highest common factor of b and h?
7
Suppose 4 - 12 = 2*s. Let j(q) = q**2 + 4*q + 4. Let o be j(s). Let t(k) = k**2 - 3*k + 2. Let n be t(3). Calculate the highest common divisor of n and o.
2
Let d(c) = 6*c. Let z be d(1). Suppose -2*s = -z - 0. Suppose -s*l + 181 = -17. Calculate the greatest common factor of 44 and l.
22
Let u(t) = 1. Let i(k) = -9*k - 1. Let f(s) = -i(s) - 3*u(s). Let a be f(1). What is the highest common factor of a and 21?
7
Let c = -12 + 15. Suppose 3*l = -2*a + 29, c*l - 55 = -6*a + 2*a. What is the greatest common divisor of a and 13?
13
Let b(c) = 14*c - 4. Let j be b(-5). Let p = j + 143. Suppose 11 = g - 35. What is the greatest common divisor of g and p?
23
Suppose x - 4*b = 4*x - 72, -x - b + 24 = 0. Calculate the highest common factor of 96 and x.
24
Let q be 0 + 6 + -3 + 2. Let g be (q + 2)*9*-1. Let s = -23 - g. What is the highest common factor of s and 5?
5
Let w be (-119)/(-13) + (-6)/39. What is the greatest common factor of w and 18?
9
Let n = 26 - 18. Let j be 2 - (0 + 2) - -32. What is the greatest common factor of n and j?
8
Suppose -8*m - 14 = -10*m. Calculate the greatest common factor of m and 42.
7
Let n be (-96)/(-20) - 5/(-25). What is the greatest common divisor of n and 30?
5
Let f(x) = -3*x**3 - x - 1. Let w be f(-1). Let v = w + 17. Let n = v + -12. Calculate the highest common factor of 64 and n.
8
Suppose -6*n + 27 = -33. What is the highest common factor of n and 150?
10
Let l be (-36)/30*(-100)/6. Calculate the highest common factor of l and 10.
10
Let q(w) be the first derivative of w**2/2 - 3*w + 3. Let a be q(7). Let o be 2360/28 - a/14. What is the highest common divisor of o and 21?
21
Let w be (-1)/((-1)/(-99)*-3). What is the greatest common factor of 11 and w?
11
Let x(c) = c**3 + 4*c**2 - 4*c - 5. Let q be x(-3). What is the greatest common factor of q and 112?
16
Suppose h + 9 = 5*m, m + 1 = h - 2*m. Calculate the greatest common factor of 40 and h.
8
Let l be (-70)/(-3) - (-32)/48. Calculate the highest common divisor of l and 12.
12
Suppose 2*s + 184 = 4*s. Suppose 12 + s = o. What is the greatest common factor of 13 and o?
13
Let w(d) = -d**3 + 5*d**2 - 4*d. Let g be w(3). Let t be g/(-21) - 695/(-7). Calculate the greatest common factor of t and 9.
9
Suppose 3*x - 4*x = 0. Suppose n = 6 - x. Let q = 4 + 2. What is the greatest common divisor of q and n?
6
Let b(n) = -12*n - 7. Let k be b(-5). Suppose k = i + 21. What is the greatest common factor of 4 and i?
4
Let z = 129 + -121. Calculate the highest common divisor of 56 and z.
8
Let u = 134 + -76. Calculate the highest common divisor of u and 29.
29
Let y be (2/(-2))/((-2)/(-10)). Let k be (y/(-2))/(4/16). Let x be (8/10)/(1/k). Calculate the highest common divisor of x and 20.
4
Suppose 5*m - 38 + 3 = 0. Let o = 25 + m. What is the highest common factor of o and 16?
16
Let l be ((-3)/(-2) - 3)/(3/(-4)). Let s be 1/3 + (-46)/(-6). What is the highest common divisor of s and l?
2
Let y(r) = -r. Let k be y(-3). Let c = k - -1. Suppose 0 = -5*d + d - c*q + 24, 0 = -2*d + 5*q + 33. Calculate the highest common factor of d and 63.
9
Let g be (-4)/(-8)*-2*2. Suppose 0 = 2*k, k = -2*d + 3*k. Let b be (g - d)/((-5)/100). What is the highest common divisor of b and 10?
10
Suppose -2*j + 19 = -5*s, 6*s + 13 = -j + s. Suppose -i - j*m + 41 = 2*m, 3*m - 222 = -5*i. What is the highest common divisor of 5 and i?
5
Let s(y) = -y**3 - 10*y**2 + 4*y - 2. Let l be s(-11). Calculate the highest common factor of 15 and l.
15
Let b be (-6 - -3)/(6/(-88)). Let o = 1 - -10. Calculate the highest common divisor of b and o.
11
Let b(i) = 9*i + 3. Let w be b(7). Let l = -24 + w. Calculate the greatest common factor of 14 and l.
14
Let c(u) = 2*u**2 - u - 9. Let y be c(4). Suppose 461 = 5*d - 584. What is the highest common factor of y and d?
19
Suppose 0 = -8*p + 9*p - 76. Calculate the highest common divisor of 19 and p.
19
Let v(f) = f**3 + 3*f**2 - 2*f**2 + f + 5 - 4. Let c be v(-1). Let g be (-3 + c)/(6/(-32)). Calculate the greatest common factor of g and 112.
16
Suppose 10 = 2*h + 2*v, h = -h - 5*v + 25. Let p be (h - -6)/(2/23). Suppose -3*b = 27 - p. What is the highest common factor of b and 154?
14
Suppose 4*l + 20 = y - l, 0 = 3*y + 5*l - 40. Let h be 3*(4 - 6/3). What is the greatest common factor of h and y?
3
Suppose u - 321 = 15. Calculate the greatest common divisor of 56 and u.
56
Let q be 700/252 - 4/(-18). Suppose -2*t + 7*t = 135. What is the greatest common divisor of q and t?
3
Let b(t) = -t + 7. Let y be b(5). Let k(s) = 3*s**2